 = 10. Let j = c - -28. Calculate the greatest common factor of j and 162.
18
Let l(b) = -5*b**3 - 4*b**2 - 47*b - 134. Let w be l(-3). What is the greatest common divisor of 3869 and w?
53
Suppose -60*q - 700 = -160*q. What is the greatest common divisor of q and 1008?
7
Let i be (-42)/(-28) + 66/(-4). Let q = 2 - i. Suppose 117 + 155 = 4*s. Calculate the greatest common divisor of s and q.
17
Suppose 10*p - 7*p = 6. Let s be 92/7 - -4*p/(-56). Let b be 0 + 0/2 - -91. What is the highest common divisor of b and s?
13
Let u be 0 + 104/468 + (-379479)/(-27). Calculate the highest common divisor of u and 60.
15
Suppose 0 = -0*k + 6*k + 12. Let x be 8 + 0*1/k. Suppose -x*j + 210 = -142. Calculate the highest common factor of 4 and j.
4
Let a be (-6 + -11 + -1)*3/(-9). Suppose -4*j = -5*w - a*j + 59, -53 = -5*w - 4*j. What is the greatest common factor of 52 and w?
13
Let b(k) = -k + 40. Let w be b(12). Let p be 7/(-9) + 6/(-27). Let i = 43 + p. What is the highest common factor of i and w?
14
Let m(y) = -y**3 + 19*y**2 + 21*y + 1. Let d = 382 + -362. Let p be m(d). What is the highest common factor of 7 and p?
7
Suppose 149835 = 9*z + 35490. What is the highest common factor of 105 and z?
105
Let l be (0 - (1 - 61))/((-12)/(-234)). Calculate the greatest common factor of 108 and l.
18
Suppose 3044 = 4*x - 5*z, 391*z = -x + 389*z + 748. What is the greatest common factor of 84 and x?
84
Suppose 2*i - 14 = -4*p, -1 - 2 = -i. Suppose t + 2 = -p*w + 11, 0 = -t - 3*w + 7. Calculate the greatest common divisor of t and 13.
13
Let b = -3723 + 4012. Calculate the highest common factor of 1 and b.
1
Let b = 223 + -255. Let x = 140 - b. What is the highest common divisor of 43 and x?
43
Suppose 3*o + 4*y = 9*y + 31785, 0 = 2*o - 2*y - 21194. Calculate the highest common factor of 25 and o.
25
Suppose 71*g = 33*g + 22*g + 864. Calculate the greatest common factor of g and 864.
54
Let v(r) = -5*r**3 - 109*r**2 - 110*r - 34. Let q be v(-21). What is the highest common divisor of q and 16?
16
Suppose -19*r = -12*r - 14. Let i = -50 + 35. Let g(b) = -b - 13. Let u be g(i). What is the highest common factor of r and u?
2
Let y = -44 + 71. Suppose 8*l - 3*l = 15, -3*l = -4*x - 5. What is the greatest common divisor of y and x?
1
Let w = -3324 + 3384. What is the greatest common divisor of w and 280?
20
Let y = 36 + -34. Suppose -y*b = 2*b + f - 9, 3*b + 2*f - 8 = 0. Suppose g + 260 = b*g. Calculate the highest common divisor of g and 26.
26
Let i be 3224140/1304 - 2/(8/6). Calculate the highest common divisor of i and 21.
7
Suppose -30*m = 290 - 1460. Calculate the greatest common divisor of m and 1573.
13
Let q(i) = -16*i + 600. Let o be q(33). Suppose 0*h - 24 = -2*h. What is the greatest common divisor of h and o?
12
Let g(s) = -s**3 + 108*s + 1069. Let j be g(-11). Calculate the greatest common divisor of 36 and j.
12
Let y = -554 + 591. Suppose 14*s + 37962 = 68*s. What is the greatest common factor of s and y?
37
Let x = -257 - -61. Let a = x - -231. Suppose 3*j + 210 = 6*j. Calculate the highest common factor of a and j.
35
Let h(u) = -u**2 - 10*u + 5. Let l be h(-8). Suppose 3*r = 10*r - 42. Calculate the greatest common factor of r and l.
3
Let h(k) = 73 + 2 - 15 - 8*k. Let t be h(6). Calculate the greatest common divisor of 102 and t.
6
Suppose -2472 = -4*m + 1752. Let q = 23 - 20. Suppose 0 = q*d + d - m. What is the highest common divisor of d and 33?
33
Suppose 2*p - 191 = -2*t - 135, 4 = p - 3*t. Calculate the greatest common divisor of p and 253.
11
Let m be (-10 - -273) + -6*2/(-12). Calculate the highest common factor of 99 and m.
33
Let x(z) = z**2 - 27*z - 120. Let c be x(31). Suppose 44 = 3*a + c*g, -9*g + 20 = -5*g. Calculate the highest common divisor of a and 288.
8
Suppose -5*s + 7708 = -v, -2*v = 2*s - v - 3079. Calculate the highest common factor of s and 23.
23
Let p = 72 - 40. Let l(j) = -5*j + 53. Let g be l(10). Suppose -g*q + 10 = -p. Calculate the highest common factor of q and 14.
14
Suppose 0 = -21*c - 23*c + 1100. Calculate the greatest common factor of c and 35.
5
Let m be 17262/49 - (-4)/(-14). Let t be (195/(-25) + 9)/((-33)/(-880)). Calculate the highest common divisor of m and t.
32
Suppose 0 = -2*y - 4, 3*z - 5*y = -y + 686. What is the highest common factor of 5650 and z?
226
Let b(o) = 5*o + 40. Let c be b(-12). Let l be c + 18 - 3*-5. Suppose -l*u = -9*u - 600. Calculate the highest common factor of u and 60.
30
Suppose 0 = 174*j + 23*j - 81558. Calculate the greatest common factor of j and 1278.
18
Suppose 2*n - 775 = -69*v + 64*v, -2*v - 2 = 0. What is the highest common factor of 1482 and n?
78
Let m(s) = -s**3 - s**2 + s. Let j(o) = 7*o**3 + 21*o**2 - 18*o - 26. Let b(u) = -j(u) - 6*m(u). Let g be b(-16). What is the highest common factor of 60 and g?
30
Suppose 0*k - 5*k - q + 174 = 0, -q = 1. Suppose -k*l = -34*l - 11. Suppose -5*i - 6 = -l*i. Calculate the highest common factor of 1 and i.
1
Let n be (90/(-9))/((-1610)/3900 - (-2)/5). Calculate the highest common factor of n and 120.
60
Let u = 21 - 18. Let q(t) = 8*t - 6. Let g be q(u). Suppose 14 = 13*o - 337. What is the highest common factor of o and g?
9
Let g(v) be the first derivative of v**2/2 + 89*v + 130. Let u be g(16). Calculate the highest common factor of 84 and u.
21
Suppose 1 = -5*m - 4, 5*r + 4*m - 701 = 0. What is the greatest common factor of r and 15?
3
Suppose 27*i - 11040 = -5*i. Let z = 354 - i. What is the highest common factor of 36 and z?
9
Let o be (-1 - (-8)/6) + 2054762/3954. Calculate the highest common factor of o and 1690.
130
Suppose -g - 3*s + 1878 = 0, 3*g - 4*s - 4586 = 996. Calculate the greatest common divisor of 66 and g.
6
Suppose u - 1 = 4*g, -3*g + 5*u - 29 = -7*g. Let f be g - (-2 - (46 + -4)). Let p = -21 + 30. What is the greatest common divisor of f and p?
9
Let x(z) = -15*z + 2. Let y(d) = 43*d - 7. Let w(f) = 17*x(f) + 6*y(f). Let u be w(4). Calculate the greatest common factor of 124 and u.
4
Let z be (-1)/(1/2) - (-21 - 1938). Calculate the highest common factor of 206 and z.
103
Let a(q) = -42*q**3 + 6*q**2 + 15*q + 11. Let y be a(-2). Calculate the highest common factor of 11 and y.
11
Suppose 4*f + 248 = 2*n + 250, -2 = -3*n + 5*f. Calculate the greatest common factor of 7713 and n.
9
Let v(i) = i**3 + 4*i**2 + 34. Let c be 1*-1*(-6 + (-60)/(-10)). Let p be v(c). Calculate the highest common divisor of 119 and p.
17
Let v = -3920 + 3946. What is the greatest common factor of 3939 and v?
13
Suppose 37*q + 381 = 1047. What is the highest common divisor of 8406 and q?
18
Let q(f) = -77*f - 274. Let k be q(-20). Let g = 2002 - k. What is the greatest common factor of 23 and g?
23
Let z = 1093 - -1595. What is the highest common divisor of 14 and z?
14
Let t = 11805 - 8372. Suppose 347 + t = 18*v. Calculate the greatest common divisor of 42 and v.
42
Suppose 0 = -2*f - 8*t + 6*t + 3526, 4*f = -t + 7055. What is the greatest common factor of f and 189?
63
Let n = -391 - -451. Let b be -8*(3 + (-14)/4). Suppose 5*t = -4*m + n, -b = -t - 0. Calculate the greatest common divisor of m and 10.
10
Suppose -c - 209 = -4*o, o - c + 245 = 304. Let v be (-5)/(10/4) - -32. Calculate the highest common divisor of v and o.
10
Let g(r) = r + 5. Let p be g(-4). Suppose -5*t + 8*t + 5 = 4*w, -2*w + 30 = 4*t. Let h be 6 + 12*w/20. Calculate the highest common factor of p and h.
1
Let o(b) = 10*b + 19. Let u be o(-6). Let r = u - -70. Suppose -3 = -m + r. What is the greatest common divisor of m and 2?
2
Let w = 9 + -9. Suppose 0 = o + 3*j - 17, -j + 5*j - 20 = w. Let r(u) = 7*u**2 - u + 2. Let d be r(o). Calculate the greatest common factor of 4 and d.
4
Let r be 5*101*((-473)/55 + 9). Let a = 307 - r. Suppose -64 = -3*h + 4*n - 3*n, h - n - 22 = 0. Calculate the greatest common divisor of a and h.
21
Suppose -7*p - 10523 = 45197. Let y be 1/3 - p/60. What is the highest common divisor of 7 and y?
7
Suppose -15 = -4*p - 3*l, 0 = -8*l + 3*l - 15. Let d be (-1014)/(-14) + (p/7)/(-2). What is the highest common divisor of d and 48?
24
Let o(i) = -11*i**2 + 89*i + 43. Let y be o(8). What is the highest common divisor of 34 and y?
17
Suppose 6044 = 12*c - 796. Calculate the highest common divisor of c and 80.
10
Let h be -10 - (8 - (